350 and 50.
50
Calculate the highest common divisor of 16 and 184.
8
Calculate the highest common divisor of 2982 and 84.
42
What is the highest common divisor of 6298 and 938?
134
Calculate the greatest common divisor of 256 and 144.
16
What is the greatest common divisor of 174 and 7569?
87
What is the highest common divisor of 50 and 750?
50
Calculate the greatest common factor of 39 and 91.
13
What is the highest common divisor of 229 and 18091?
229
Calculate the greatest common factor of 259 and 74.
37
What is the highest common factor of 8822 and 55?
11
What is the greatest common divisor of 416 and 64?
32
Calculate the greatest common divisor of 492 and 4756.
164
What is the highest common factor of 72 and 636?
12
What is the greatest common divisor of 130 and 4355?
65
Calculate the greatest common divisor of 16 and 40.
8
What is the greatest common factor of 45 and 7641?
9
Calculate the greatest common divisor of 14 and 278.
2
What is the highest common factor of 250 and 875?
125
What is the highest common divisor of 5832 and 72?
72
Calculate the greatest common divisor of 544 and 496.
16
What is the greatest common divisor of 360 and 280?
40
What is the greatest common factor of 6 and 10?
2
What is the greatest common divisor of 50 and 40?
10
What is the greatest common divisor of 320 and 512?
64
Calculate the greatest common divisor of 130 and 455.
65
Calculate the greatest common factor of 5 and 145.
5
Calculate the greatest common divisor of 6 and 28902.
6
What is the greatest common factor of 10 and 23830?
10
Calculate the highest common divisor of 5226 and 268.
134
Calculate the highest common divisor of 436 and 2071.
109
What is the highest common divisor of 6 and 222?
6
What is the highest common divisor of 8 and 18?
2
Calculate the greatest common divisor of 468 and 208.
52
Calculate the highest common factor of 1260 and 270.
90
Calculate the greatest common divisor of 94686 and 258.
258
Calculate the highest common divisor of 62 and 5549.
31
Calculate the highest common divisor of 68 and 221.
17
What is the greatest common factor of 1022 and 219?
73
Calculate the greatest common factor of 152 and 3572.
76
Calculate the highest common divisor of 55 and 11.
11
What is the greatest common divisor of 14 and 11?
1
Calculate the highest common factor of 3322 and 22.
22
Calculate the highest common factor of 10 and 65.
5
Calculate the greatest common divisor of 350 and 210.
70
What is the greatest common divisor of 30 and 30?
30
What is the greatest common factor of 65 and 1768?
13
What is the greatest common factor of 95698 and 118?
118
Calculate the greatest common divisor of 21498 and 6.
6
What is the highest common factor of 119 and 323?
17
Calculate the highest common divisor of 1368 and 36.
36
What is the greatest common factor of 23 and 31579?
23
What is the greatest common factor of 144 and 432?
144
Calculate the greatest common factor of 35 and 1865.
5
What is the highest common divisor of 29 and 1885?
29
Calculate the highest common divisor of 154 and 162.
2
What is the highest common factor of 62 and 8?
2
What is the highest common factor of 50 and 80?
10
What is the highest common factor of 1302 and 31?
31
Calculate the highest common factor of 14 and 5033.
7
Calculate the highest common factor of 994 and 98.
14
Calculate the greatest common factor of 39 and 13.
13
What is the highest common divisor of 17 and 64?
1
What is the highest common divisor of 49 and 3283?
49
What is the greatest common divisor of 200 and 2650?
50
Calculate the greatest common factor of 667 and 29.
29
Calculate the greatest common divisor of 284 and 3834.
142
Calculate the greatest common factor of 4641 and 3003.
273
What is the greatest common divisor of 6 and 21?
3
What is the greatest common factor of 26 and 13312?
26
What is the greatest common factor of 592 and 5476?
148
What is the greatest common divisor of 19 and 589?
19
Calculate the greatest common divisor of 58 and 6641.
29
Calculate the greatest common divisor of 1555 and 10.
5
Calculate the highest common divisor of 1200 and 90.
30
Calculate the highest common factor of 22463 and 7.
7
What is the highest common divisor of 657 and 81?
9
Calculate the greatest common divisor of 384 and 6.
6
Calculate the greatest common factor of 190 and 646.
38
What is the greatest common divisor of 46 and 1150?
46
What is the greatest common divisor of 325 and 728?
13
Calculate the greatest common factor of 70 and 812.
14
What is the greatest common divisor of 913 and 11?
11
What is the highest common divisor of 13100 and 100?
100
Calculate the greatest common factor of 36 and 4158.
18
Calculate the greatest common factor of 505 and 404.
101
What is the highest common factor of 12 and 3354?
6
What is the highest common divisor of 812 and 112?
28
Calculate the highest common factor of 418 and 41591.
209
Calculate the highest common divisor of 30 and 18570.
30
Calculate the highest common divisor of 30 and 70.
10
What is the greatest common factor of 221 and 52?
13
What is the highest common factor of 18 and 234?
18
What is the greatest common divisor of 50 and 275?
25
What is the greatest common factor of 310 and 1280?
10
Calculate the highest common divisor of 9114 and 62.
62
Calculate the greatest common divisor of 3382 and 1958.
178
What is the greatest common divisor of 858 and 462?
66
Calculate the greatest common divisor of 57 and 912.
57
What is the highest common divisor of 4 and 26?
2
Calculate the greatest common divisor of 3 and 1359.
3
What is the highest common divisor of 7372 and 19?
19
Calculate the greatest common factor of 52 and 286.
26
Calculate the greatest common divisor of 833 and 49.
49
Calculate the highest common divisor of 25 and 1355.
5
What is the greatest common factor of 1064 and 456?
152
What is the greatest common factor of 260 and 35?
5
Calculate the greatest common divisor of 248 and 8.
8
Calculate the highest common divisor of 665 and 1140.
95
Calculate the greatest common factor of 50 and 58.
2
Calculate the greatest common divisor of 16 and 84.
4
What is the greatest common factor of 35 and 50?
5
Calculate the highest common factor of 1920 and 88.
8
Calculate the highest common factor of 8 and 5680.
8
Calculate the greatest common divisor of 32 and 2320.
16
Calculate the greatest common factor of 99 and 11.
11
What is the highest common factor of 648 and 456?
24
Calculate the highest common factor of 24 and 29736.
24
What is the greatest common factor of 4120 and 240?
40
Calculate the greatest common divisor of 57201 and 69.
69
Calculate the greatest common factor of 480 and 345.
15
What is the greatest common divisor of 3374 and 56?
14
What is the highest common divisor of 117 and 36?
9
What is the highest common factor of 40942 and 22?
22
Calculate the greatest common factor of 6 and 480.
6
Calculate the highest common divisor of 3 and 2241.
3
Calculate the greatest common divisor of 42 and 182.
14
What is the greatest common factor of 6 and 609?
3
What is the greatest common factor of 168 and 228?
12
Calculate the highest common divisor of 306 and 6018.
102
What is the greatest common divisor of 10 and 30?
10
What is the highest common factor of 9 and 5112?
9
Calculate the greatest common factor of 76 and 3116.
76
What is the greatest common factor of 3150 and 30?
30
Calculate the highest common divisor of 142 and 497.
71
What is the greatest common divisor of 36 and 660?
12
Calculate the greatest common factor of 2310 and 105.
105
What is the highest common factor of 46 and 736?
46
What is the greatest common divisor of 23748 and 48?
12
What is the highest common divisor of 9955 and 110?
55
Calculate the greatest common factor of 777 and 189.
21
What is the greatest common divisor of 328 and 344?
8
What is the highest common factor of 336 and 21?
21
What is the greatest common divisor of 1072 and 32?
16
What is the greatest common factor of 2873 and 884?
221
What is the highest common divisor of 951 and 3?
3
Calculate the greatest common divisor of 390 and 39.
39
Calculate the highest common divisor of 588 and 49.
49
Calculate the greatest common factor of 18 and 45.
9
Calculate the highest common factor of 5 and 9.
1
What is the greatest common divisor o